q + 4501100. What is the thousands digit of 6/(-4) + q/152?
1
Let x = 136 + -86. Let k be 582/15*x/10. Suppose 27*q - k = 25*q. What is the units digit of q?
7
Let b(q) = 2827*q**2 - 22*q + 1. What is the units digit of b(-2)?
3
Suppose 9*a - 2*a = 14. Let r be (225/12 - a/8)*10. Let k = r + -66. What is the tens digit of k?
1
Suppose -2*h = 4*r - 48876, h + 19655 + 41433 = 5*r. What is the ten thousands digit of r?
1
Let d be (-3)/(-1) + (-33 - -8). Let k be 4/d + ((-7428)/44 - 1). Let c = k - -273. What is the hundreds digit of c?
1
Let d = -17966 + 33929. What is the units digit of d?
3
Let t = 26 - 70. Let x(u) = -65*u**2 + 2*u + 2. Let r be x(-1). Let m = t - r. What is the units digit of m?
1
Suppose -4*j + j = -5*u - 460, -4*u + 314 = 2*j. Suppose 0*o + 5*k + 1515 = 5*o, 5*o + 4*k = 1497. Let m = o - j. What is the tens digit of m?
4
Let k(o) = -5*o + 15. Let m(z) = -4*z + 14. Let g(d) = 2*k(d) - 3*m(d). Let x be g(8). What is the tens digit of 3/(-3 + x) - -55?
5
Let g = -49 - -57. Suppose -g*p = 301 - 1149. Suppose x = -3*x - 5*r + 421, -x - 2*r = -p. What is the hundreds digit of x?
1
Let o = -33 + 47. Let v(j) = -4 + 9 + 7 + o - 6*j. What is the hundreds digit of v(-14)?
1
Suppose -35*m = -40*m - 210. What is the units digit of (-32064)/m + 3 + (-4)/(-7)?
7
Suppose -s - 22 = -2*t, -3*t + 0 = 2*s - 33. Suppose 28*i + t*i - 390 = 0. What is the tens digit of i?
1
Let c = 5 - 3. Let m = 8 + c. What is the tens digit of (-8)/(3*m/(-75))?
2
Suppose 7053 = -126*c + 127*c. What is the units digit of c?
3
Let n(j) = 2*j + 17. Let s be (3 + -3)/(-1 + 2 - 3). Let l be 3*((-10)/(-6) - s). What is the units digit of n(l)?
7
Let j = -8930 - -30652. What is the ten thousands digit of j?
2
Let w = -42 + 42. Suppose -y - 2*y - 5*q - 5 = w, -4*q - 4 = -5*y. Suppose y = -99*f + 95*f + 756. What is the hundreds digit of f?
1
Let k(v) = -v**3 + 25*v**2 + 280*v - 40. What is the thousands digit of k(-27)?
0
Let q(r) = -565*r + 13. Let i = 55 - 58. Let m be q(i). What is the tens digit of (-1)/(-3) - 1 - m/(-42)?
4
Let k(s) be the second derivative of 6*s**5/5 - s**4/12 - s**3/3 + 17*s**2/2 + 21*s. Let f(p) be the first derivative of k(p). What is the tens digit of f(-1)?
7
Let f(j) = j**3 - 16*j**2 - 22*j + 255. What is the tens digit of f(27)?
8
Let p(s) be the second derivative of -s**5/20 - 7*s**4/6 + 19*s**3/6 - 53*s**2/2 + 25*s. What is the tens digit of p(-16)?
5
Let s(d) = -d**3 - 65*d**2 - 827*d - 17. What is the tens digit of s(-49)?
9
Let t be 2/(-11) + 706/33*3. Let h = -67 + t. What is the tens digit of (26/h)/(2/(-33))?
4
Let s(k) = -k**2 + 8*k - 9. Let b be s(6). Suppose c - 5*j - 66 = 0, 4*j = -2*c + b*c - 65. Suppose -c + 157 = o. What is the units digit of o?
6
Let s(t) = 11*t - 4. Suppose -3*i + 2*a = -16, 4*i + 5*a = -4 + 10. Let u be s(i). Suppose -u*y + 35*y = -190. What is the units digit of y?
8
Let b(a) = a**2 - 5*a - 1. Let m be b(6). Suppose -m*k + 3*y = 3065, -k - 630 = y - 5*y. Let r = -392 - k. What is the tens digit of r?
1
What is the tens digit of -8604*((-374)/51 - -7)?
6
Let l(g) = g**3 + 39*g**2 + 34*g + 241. What is the units digit of l(-18)?
3
Let i be (-4 + 9/(-3 - -4))*-11. Let x be (i/4)/((-568)/(-96) - 6). Let f = x - 63. What is the units digit of f?
2
Let q(l) = 59*l**2 - 767*l - 50. What is the thousands digit of q(17)?
3
Suppose 0 = 5*r - v + 5, 5*r + 3 = -2*v + 13. Let g(k) = 4*k - 60. Let u be g(r). Let t = u - -126. What is the units digit of t?
6
Let w(y) = y**3 + 28*y**2 - 5*y - 16. Let t be w(-13). Suppose -4*a - 3*k + t = 0, 3*a - 5*k - 3265 = -2*a. What is the hundreds digit of a?
6
Let j(w) = -w**3 + 1. Let u(p) = 4*p**3 + 18*p**2 - 19*p. Let g(x) = 3*j(x) + u(x). Let l be g(-19). Suppose 0 = l*z - 2*z - 60. What is the tens digit of z?
6
What is the hundreds digit of (-58)/(5390/1351 - 4)?
5
Suppose -a = 3*a + 44. Let o be ((-1214)/(-4))/(a/(-22)). Suppose -o = -6*x - 79. What is the tens digit of x?
8
Let j be 1/(-5) + 18/(-10) + -1. What is the hundreds digit of ((-68)/48 - j/(-12))*-411?
6
Let j = -8163 + 25633. What is the hundreds digit of j?
4
Let c(d) = -36*d - 16. Let g be c(-23). Let q = g - 501. What is the hundreds digit of q?
3
Let m(y) = -44*y - 156. Let v be m(-15). Let s = v + -366. What is the hundreds digit of s?
1
Let w = -1980 + 2843. Let b = -57 + w. What is the tens digit of b?
0
Suppose -17*v = 2*f - 16*v - 23197, -f - 2*v = -11597. What is the tens digit of f?
9
Let u(b) = -38*b + 10. Let w be u(-2). Suppose -88 = -l - w. Suppose -4*h = 5*i - 445, -3*h + l*i + 243 = -85. What is the hundreds digit of h?
1
Suppose 0 = k + 3*d + 17 - 7, -1 = -5*k + 2*d. Let b be (k - 914/(-2)) + 2. Suppose -172 - b = -5*x. What is the hundreds digit of x?
1
Let n = -100 - -96. Let d(r) = -8*r**3 - 4*r**2 - 3*r + 5. What is the hundreds digit of d(n)?
4
Let k(f) = 531*f**2 + 0 - 97*f**3 - 92*f**3 - 1 - 533*f**2 - 9*f. What is the units digit of k(-2)?
1
Let j(m) = -297*m**3 - 17*m**2 - 89*m + 15. What is the tens digit of j(-4)?
0
Suppose 9082656 = 407*a - 55*a. What is the thousands digit of a?
5
Suppose -1442158 = -175*q + 17*q + 300108. What is the units digit of q?
7
What is the ten thousands digit of 16064 + (6/8)/(312/3328)?
1
Suppose -28*q + 77426 = -28722. What is the thousands digit of q?
3
Suppose 188961 = 3*v + 5*l, 187*l + 12 = 189*l. What is the hundreds digit of v?
9
Let p = 32578 - 9716. What is the thousands digit of p?
2
Let z(w) = -10*w**3 - 4*w**2 - 7*w + 7. Let i(v) = -11*v**3 - 4*v**2 - 9*v + 8. Let f(y) = -3*i(y) + 4*z(y). What is the hundreds digit of f(-3)?
1
Let n(f) = 2*f**2 + 108*f - 718. What is the tens digit of n(-78)?
2
What is the tens digit of ((-3808)/84 - -30)/(2/(-6660))?
6
Let q = -140 - -146. Suppose 28 = 17*r - q. Suppose r*s + 43 = 2*f + s, 4*s + 4 = f. What is the tens digit of f?
2
Suppose -20*c + 509907 = 67*c. What is the hundreds digit of c?
8
Let c(g) = 104*g**2 + 330*g - 5912. What is the hundreds digit of c(17)?
7
Let i be (0 + 0)/2 - 216/(-18). Suppose -b + 1313 = -4*q, -i*b + 10*b - 4*q = -2686. What is the tens digit of b?
3
Suppose 0*d + 5*d + 2*o + 2 = 0, 0 = -o - 1. Suppose -2*h + 5*s + 250 = d, -s + 144 - 33 = h. What is the hundreds digit of h?
1
Suppose u - 3*a + 406 - 1562 = 0, -5*u - 2*a + 5831 = 0. What is the units digit of u?
5
Let z be (((-2508)/15)/(-2) + -4)*5. Let g = -176 + z. What is the hundreds digit of g?
2
Suppose -238*i - 133*i + 103*i + 3048768 = 0. What is the units digit of i?
6
Suppose 0 = -2*v + 4*o + 5 - 21, -15 = -5*o. What is the hundreds digit of ((-504)/v)/1 + 84 + -86?
2
Let u = -140 + 141. What is the hundreds digit of 543 - u - 8/(-2 + 10)?
5
Let b be (-6)/14 + 11/(154/6). Suppose 28*a - 17514 - 4662 = b. What is the hundreds digit of a?
7
Let s(f) = 905*f + 5447. What is the hundreds digit of s(-5)?
9
What is the tens digit of ((-1)/(-3))/(2*((-472602)/118152 + 4))?
8
What is the thousands digit of (2444 - (-11 - -25)) + 0 + -8?
2
Let c be -1 + (5/(-5) - 2). What is the units digit of (c - 95/(-15))/(-1)*-69?
1
Suppose 0 = 55*q - 56*q + 5*y + 18616, 3*y = 18. What is the thousands digit of q?
8
Let i(s) = 37*s - 1230. Let j(a) = -8*a. Let y(o) = -i(o) - 3*j(o). What is the units digit of y(0)?
0
Let p(m) = -7*m**2 - 2*m - 4. Let a be p(-3). Let s = a - -63. What is the units digit of s - 484/(-5 + 1)?
3
Suppose 11*o - 84917 = 219772. What is the hundreds digit of o?
6
Let u be (-1)/((-6)/2058) + -3. What is the hundreds digit of ((-544)/(-10))/((u/(-50))/(-17))?
1
Let v(d) = -251*d - 208*d + 525*d + 54. What is the tens digit of v(3)?
5
Let n(j) = 36*j**2 + 301*j - 11311. What is the thousands digit of n(45)?
5
Suppose -120 = -20*j - 0*j. Let k be ((-176)/(-66))/(4/j). Let o(s) = 6*s**2 - 7*s + 7. What is the units digit of o(k)?
5
Let r(n) = 705*n - 1113. What is the units digit of r(26)?
7
Suppose -2*p + 3*p = 3. Suppose 2*k + 5*a - 589 = 0, -p*a - a = k - 293. What is the units digit of k?
7
Let h = 8 - 4. What is the hundreds digit of -1 + 2/(h/402)?
2
Suppose 8*y = 6*y + 12. Suppose -130 = y*m - 4*m. Let s = 111 + m. What is the units digit of s?
6
Let q(d) = 12*d - 25. Let x be q(2). Let j(s) = -493*s**3. What is the tens digit of j(x)?
9
Let w(h) = -2*h - 16. Let y be w(-28). Let c(r) = r**3 - 17*r*